Let u(o) = 10*o + 4. Let n = 10 + -5. What are the prime factors of u(n)?
2, 3
Suppose 5*p - 3*z + 8*z = -25, 0 = 3*p + 5*z + 23. Let h be 3/2 + p/(-2). Suppose -i + 6 - h = 0. What are the prime factors of i?
2
Suppose -3*c - 5 = -4*q, -2*c - 3*q + 20 = -c. Let s = 2 - c. Let x(a) = -a + 1. What are the prime factors of x(s)?
2
Let r(z) = -z**3 - 3*z**2 + 5*z + 4. Let q be r(-4). Let f be 60/14 + (-6)/21. Suppose q*i + 2*y - 14 = -f*i, -2*i = -4*y - 2. What are the prime factors of i?
3
Let x(d) = 6*d - 6. Let f(y) = 8 - 4 - 5*y + 3. Let g(z) = -5*f(z) - 6*x(z). List the prime factors of g(-1).
2, 3
Suppose -2 - 8 = -5*g. Let m(w) = -2*w - w**2 + g*w**3 + 2 + 3*w**2 - 4*w**2. What are the prime factors of m(2)?
2, 3
Let x = -42 + 133. What are the prime factors of x?
7, 13
Let u(n) = n**2 + 20. List the prime factors of u(0).
2, 5
What are the prime factors of 15/10 + (-49)/(-2)?
2, 13
Suppose 4*h + 56 = 160. Suppose z - h = -4. List the prime factors of z.
2, 11
Suppose -x = 5*y - 48, -y = -4*x - 0*x + 108. What are the prime factors of x?
2, 7
Suppose -7*w - 67 = -361. List the prime factors of w.
2, 3, 7
Let u(b) = -3*b**3 + 2*b + 2. What are the prime factors of u(-2)?
2, 11
Let n(l) = -l**2 - 6*l - 4. Let a be n(-5). List the prime factors of (a + -151)*5/(-15).
2, 5
Let y be 6 + -5 - (-22)/2. What are the prime factors of 1/(-3)*-3 + y?
13
Suppose -3*v = 4*k - 961 - 14, -v + 3*k = -325. List the prime factors of v.
5, 13
Let p = -5 - -15. Suppose 3 = k - p. What are the prime factors of k?
13
Let y(h) = h - 4. Let a(u) = -3*u + 13. Let i(q) = -2*a(q) - 7*y(q). Let g = 7 - 11. List the prime factors of i(g).
2, 3
Let k(v) = -v**2 + 3. Let y be k(0). Suppose -14 = -y*j + 5*c, 0*c = 3*j - 2*c - 11. Suppose -2*q = -j*q + 8. What are the prime factors of q?
2
Let h = -17 - -25. Let z = h + -4. What are the prime factors of z?
2
Suppose 5*y = 6*y - 59. List the prime factors of y.
59
Let d = 26 + 69. What are the prime factors of d?
5, 19
Let x(j) = j**2 - 7*j + 8. Let z be x(6). Let m = z - -4. List the prime factors of m.
2, 3
Let b be 0 - (-3)/1 - 0. Suppose 0 = -2*s, -7*n - b*s + 104 = -3*n. What are the prime factors of n?
2, 13
Suppose s - l = 7, 4*s = -2*l - 0*l + 10. Suppose 0 = -4*y + 2*w - 40, s*y + 32 = 4*w - 0*w. List the prime factors of (y/(-9))/((-2)/(-15)).
2, 5
Let m(j) = j**2 + 2*j - 4. Let s be m(-3). Let v(y) = -8*y**3. What are the prime factors of v(s)?
2
Let a = -14 + 16. Suppose -a*h = -3*h + 5*y + 51, -5*y = -5*h + 235. What are the prime factors of h?
2, 23
Suppose -2*a + 0*g - 10 = 2*g, -3*g + 41 = -5*a. Let i(q) = -q**2 - 9*q - 10. List the prime factors of i(a).
2
Let q = 0 - -4. Suppose q*w = -8, -d - 2*w = w. List the prime factors of d.
2, 3
Let i = 4 - 4. Suppose -2*z + 10 + 19 = -5*n, -5*z + n + 15 = i. Suppose q = -0*q + z. What are the prime factors of q?
2
Suppose 3*c - 220 = -79. List the prime factors of c.
47
Let u(i) = -8*i - 9*i + 4*i - 7. List the prime factors of u(-3).
2
Let o = 0 - 3. Suppose 2*l + 3*f = 2 - 15, -5*f - 3 = l. Let d = o - l. What are the prime factors of d?
5
Let v = -8 + 13. Suppose -4*l = -0*l + 20. Let p = v - l. What are the prime factors of p?
2, 5
Let z = -57 + 111. Let d be (3/9)/(2/z). Let n = d - 5. List the prime factors of n.
2
Let i = -10 - -21. Suppose -d + 24 = -3*b, -4*d = -b - b - 16. Let g = i + b. List the prime factors of g.
3
Let f be 1*(344/2 - 1). What are the prime factors of (4/(-6))/((-6)/f)?
19
Suppose 0 = -2*v - 0*v + 102. Suppose 4*w - 7 + 187 = 4*z, -z + v = -3*w. What are the prime factors of z?
2, 3, 7
Let b(q) = q**2 - q + 2. Let i be b(5). Suppose -5*d - 6 = 2*v - i, 5*v + 3*d - 59 = 0. What are the prime factors of v?
13
Let s = 16 - 32. List the prime factors of (9/(-2))/(6/s).
2, 3
Let r be (-9 - 0)*1/(-3). Suppose -21 = -r*c + 3. Suppose -c = -4*j - 0*j. What are the prime factors of j?
2
Suppose 0 = -5*y - g + 116 + 780, -16 = 4*g. Suppose -3*b = -8*b - y. Let p = -24 - b. List the prime factors of p.
2, 3
Let z(s) = -s**2 - s + 30. Let h(p) = -p**2 - 6*p - 5. Let l be h(-5). Let w be z(l). What are the prime factors of w/10*(1 + 0)?
3
Suppose -3*y + 22 = -53. List the prime factors of y.
5
What are the prime factors of -28*1*(15/(-6) + 0)?
2, 5, 7
Let h(m) = m**2 - m - 57. What are the prime factors of h(-14)?
3, 17
Let a be (-4)/(-18) + (-12)/54. Suppose m - 17 - 9 = a. Suppose -3*h = 3*f - 30, 2*h + m = 3*f + h. List the prime factors of f.
3
Suppose 4*q + 5*l - 56 = 0, -4*l + 0*l - 92 = -4*q. Suppose 0 = 2*s - 11 - q. List the prime factors of s.
3, 5
Suppose 0 = -3*t - 3*n + 21, -2*n - 2*n - 4 = 0. Let d be t/3*(-9)/(-6). Let o = 12 - d. What are the prime factors of o?
2
Suppose -2*l + 8 = 20. List the prime factors of l/(-12) + (-86)/(-4).
2, 11
Suppose 4*n - 530 = 830. List the prime factors of n.
2, 5, 17
Let j be 1*(99 + 0 + -2). Suppose -138 = -5*o + j. Suppose -4*u = 16, 3*t - o = 4*u + 2. List the prime factors of t.
11
Let i = -16 + 10. Let t = i + 26. List the prime factors of t.
2, 5
Let k = -59 - -126. What are the prime factors of k?
67
Let f(h) = 2 + h**2 - 1 + 1 + 6*h. Let y be -3*(-20)/(-6) + 3. What are the prime factors of f(y)?
3
Let i(u) = 34*u + 71. What are the prime factors of i(6)?
5, 11
Let n = 12 + -6. Let m = n + -4. Suppose -3*s = m*s - 60. What are the prime factors of s?
2, 3
Let k(h) = h**2 + h - 1. Let i(z) = z**2 + 4*z - 3. Let w be i(-5). Let n be k(w). Suppose -74 = -4*r + j - 0*j, 5*j + 100 = n*r. List the prime factors of r.
2, 3
Let v(k) = k**3 + 3*k**2 - 3*k - 2. Let j be v(-3). Let x = 1 + -2. Let g = j + x. List the prime factors of g.
2, 3
Suppose 4*i = 3*u + 16, 4*u - 1 = 3*i - 13. Suppose i*g - 40 = -0*g. What are the prime factors of g?
2, 5
Let j(o) = o + 4. Let r be 0/((-2)/(3 - 1)). Let w be j(r). Suppose v - 40 = -w*v. What are the prime factors of v?
2
Let u(m) = -m**3 + m + 20. Suppose 7*l - 2*l = 0. What are the prime factors of u(l)?
2, 5
Let d = -45 + 98. List the prime factors of d.
53
Let a be (0 - -8)*(-88)/(-32). Suppose 2*n - 22 = a. List the prime factors of n.
2, 11
List the prime factors of 0 - 2 - (-627)/11.
5, 11
Suppose -4*t = 3*b - 12, -t = 2*t. List the prime factors of b.
2
Suppose -4*f - 24 = -4*b - 4, -3*b + 13 = -2*f. Let r(u) be the second derivative of -u**5/20 - u**4/12 - u**3/2 - u**2/2 + u. List the prime factors of r(f).
3
Suppose -20 = 19*u - 14*u. List the prime factors of (-45)/u - (-1)/(-4).
11
Let m be 0/(7 - 1 - 3). Let y = m - -35. What are the prime factors of y?
5, 7
Let r(u) = 2*u + 3*u - u. Suppose 3*v = 5*z + 2 - 5, -23 = -z - 5*v. What are the prime factors of r(z)?
2, 3
Suppose 6*o = -o + 861. What are the prime factors of o?
3, 41
Let g = 7 - 2. Suppose -16 = -g*v + 3*v + 2*l, l + 5 = 0. List the prime factors of v.
3
Let n = -55 + 54. Let c be 2/(-6) - 10/(-3). Let o = n + c. What are the prime factors of o?
2
Let t(x) = 10*x - 16. List the prime factors of t(15).
2, 67
Let l(h) = -3*h - 7. Let i be l(-3). Suppose -t + 17 + i = 0. What are the prime factors of t?
19
What are the prime factors of ((-1)/2)/(1/(-256))?
2
What are the prime factors of (-1)/(-3) - (-215)/3?
2, 3
Let i = 752 + -517. What are the prime factors of i?
5, 47
Let g be (2/6)/((-3)/27). List the prime factors of g/(-6) - (-14)/4.
2
Let d be (1 - 4 - 2) + 2. List the prime factors of (-3 + d)/(-1) - 3.
3
Suppose -3*i = q + 18, -5*q - 5*i - 33 = -3*q. Let f(x) = -x. List the prime factors of f(q).
3
Suppose -11*l + 1950 = -5*l. List the prime factors of l.
5, 13
Let s be 11 + (1 - 2)*1. Suppose 0 = s*m - 7*m - 24. List the prime factors of m.
2
Let b(t) = -t**3 - 6*t**2 - 2*t - 2. What are the prime factors of b(-6)?
2, 5
Let q = 2 + 23. What are the prime factors of q?
5
Suppose -f = 2*f. Let m = 4 + -3. What are the prime factors of f - 3/m - -11?
2
Let a(u) be the first derivative of 10*u**3/3 - u + 2. Suppose 5*s - 4 - 1 = 0. List the prime factors of a(s).
3
Let k(f) = -f**3 - 5*f**2 - 3*f + 1. Let n be k(-4). Let t = n - -5. Suppose 0*m + 4*m - 16 = 0, t*g - 22 = -2*m. List the prime factors of g.
7
Suppose -2*w - 18 = -2*r, 4*w + 7 = 3. Suppose 3*p - p = r. Let x(o) = o**3 - 4*o**2 + 3*o - 6. What are the prime factors of x(p)?
2, 3
Suppose 444 = 4*c + 2*d, 2*c - d + 